{"id":3887,"date":"2016-03-14T21:33:05","date_gmt":"2016-03-14T20:33:05","guid":{"rendered":"http:\/\/peter-hess-institute.com\/?page_id=3887"},"modified":"2019-06-29T17:44:40","modified_gmt":"2019-06-29T15:44:40","slug":"grusswort-von-peter-hess","status":"publish","type":"page","link":"https:\/\/peter-hess-institute.com\/fr\/grusswort-von-peter-hess\/","title":{"rendered":"Discours de bienvenue de Peter Hess"},"content":{"rendered":"<div class=\"vc_row wpb_row vc_row-fluid\"><div class=\"wpb_column vc_column_container vc_col-sm-12\"><div class=\"vc_column-inner\"><div class=\"wpb_wrapper\"><div class=\"vc_empty_space\"   style=\"height: 55px\"><span class=\"vc_empty_space_inner\"><\/span><\/div>\n\t<div  class=\"wpb_single_image wpb_content_element vc_align_center  wpb_animate_when_almost_visible wpb_appear appear\">\n\t\t\n\t\t<figure class=\"wpb_wrapper vc_figure\">\n\t\t\t<div class=\"vc_single_image-wrapper   vc_box_border_grey\"><img width=\"192\" height=\"192\" src=\"https:\/\/peter-hess-institute.com\/wp-content\/uploads\/2016\/03\/PH_rund.png\" class=\"vc_single_image-img attachment-full\" alt=\"\" decoding=\"async\" loading=\"lazy\" srcset=\"https:\/\/peter-hess-institute.com\/wp-content\/uploads\/2016\/03\/PH_rund.png 192w, https:\/\/peter-hess-institute.com\/wp-content\/uploads\/2016\/03\/PH_rund-150x150.png 150w, https:\/\/peter-hess-institute.com\/wp-content\/uploads\/2016\/03\/PH_rund-146x146.png 146w, https:\/\/peter-hess-institute.com\/wp-content\/uploads\/2016\/03\/PH_rund-50x50.png 50w, https:\/\/peter-hess-institute.com\/wp-content\/uploads\/2016\/03\/PH_rund-80x80.png 80w, https:\/\/peter-hess-institute.com\/wp-content\/uploads\/2016\/03\/PH_rund-75x75.png 75w, https:\/\/peter-hess-institute.com\/wp-content\/uploads\/2016\/03\/PH_rund-85x85.png 85w\" sizes=\"(max-width: 192px) 100vw, 192px\" \/><\/div>\n\t\t<\/figure>\n\t<\/div>\n\n\t<div class=\"wpb_text_column wpb_content_element\" >\n\t\t<div class=\"wpb_wrapper\">\n\t\t\t<h2 style=\"text-align: center;\">Chers passionn\u00e9s de son, chers professionnels des m\u00e9thodes sonores Peter Hess !<\/h2>\n\n\t\t<\/div>\n\t<\/div>\n\n\t<div class=\"wpb_text_column wpb_content_element\" >\n\t\t<div class=\"wpb_wrapper\">\n\t\t\t<p style=\"text-align: center;\">Au d\u00e9but des ann\u00e9es 1980, j'ai d\u00e9couvert les bols chantants et, m'enthousiasmant pour eux, j'ai d\u00e9velopp\u00e9 le massage sonore, qui c\u00e9l\u00e8bre cette ann\u00e9e son 30\u00e8me anniversaire ! Depuis lors, beaucoup de choses se sont pass\u00e9es : des millions d'exp\u00e9riences ont \u00e9t\u00e9 v\u00e9cues par moi-m\u00eame, mes collaborateurs et toutes les personnes form\u00e9es, des \u00e9tudes scientifiques et des recherches ont \u00e9t\u00e9 men\u00e9es et de nombreux livres ont \u00e9t\u00e9 publi\u00e9s sur le sujet des sons.<br \/>\n<strong><br \/>\n<\/strong><\/p>\n<p style=\"text-align: center;\">Chez le PHI, nous pouvons aujourd'hui nous targuer d'une grande diversit\u00e9 de m\u00e9thodes. Ainsi, en plus d'une <a href=\"http:\/\/peter-hess-institute.com\/fr\/peter-hess-klangmassagepraktiker\/\">formation professionnelle<\/a> dans le massage sonore plus que <a href=\"http:\/\/peter-hess-institute.com\/fr\/seminare\/\">80 s\u00e9minaires sp\u00e9cialis\u00e9s <\/a>afin de permettre aux passionn\u00e9s de son comme aux professionnels du son d'\u00e9largir et d'approfondir continuellement leurs propres exp\u00e9riences ainsi que leurs qualifications et comp\u00e9tences professionnelles dans l'utilisation des sons.<\/p>\n\n\t\t<\/div>\n\t<\/div>\n<\/div><\/div><\/div><\/div><div class=\"vc_row wpb_row vc_row-fluid\"><div class=\"wpb_column vc_column_container vc_col-sm-12\"><div class=\"vc_column-inner\"><div class=\"wpb_wrapper\">\n\t<div class=\"wpb_text_column wpb_content_element\" >\n\t\t<div class=\"wpb_wrapper\">\n\t\t\t<p style=\"text-align: center;\">La visite de divers s\u00e9minaires peut chez nous mener \u00e0 de nombreuses <a href=\"http:\/\/peter-hess-institute.com\/fr\/studium\/\">Formations continues et dipl\u00f4mes<\/a> pour les domaines d'activit\u00e9 bien-\u00eatre\/pr\u00e9vention, p\u00e9dagogie\/conseil, th\u00e9rapie ainsi que soins de sant\u00e9 et ouvrir ainsi un nouveau champ professionnel ou en compl\u00e9ter un existant.<br \/>\nCette ann\u00e9e, la formation continue a \u00e9t\u00e9 ajout\u00e9e <a href=\"http:\/\/peter-hess-institute.com\/fr\/studium\/klangmassageexperte-fuer-die-begleitung-von-genesungsprozessen\/\">\u201eExpert en massage sonore Peter Hess\u00ae pour accompagner les processus de gu\u00e9rison<\/a>\u201cElle s'adresse principalement aux professionnels des professions de la sant\u00e9 et param\u00e9dicales ainsi qu'aux personnes souhaitant utiliser le massage sonore \u00e0 titre de soutien dans ce domaine.<\/p>\n<p style=\"text-align: center;\">Mes collaborateurs et moi-m\u00eame serions ravis de vous accueillir (\u00e0 nouveau) dans l'un de nos s\u00e9minaires.<br \/>\nJe vous souhaite beaucoup de plaisir et de succ\u00e8s avec les sons sur votre chemin sonore tr\u00e8s personnel !<\/p>\n<p style=\"text-align: center;\">Votre<br \/>\n<em>Peter Hess<\/em><br \/>\n<strong><br \/>\n<\/strong><\/p>\n\n\t\t<\/div>\n\t<\/div>\n<\/div><\/div><\/div><\/div><div class=\"vc_row wpb_row vc_row-fluid\"><div class=\"wpb_column vc_column_container vc_col-sm-12\"><div class=\"vc_column-inner\"><div class=\"wpb_wrapper\"><\/div><\/div><\/div><\/div>","protected":false},"excerpt":{"rendered":"Liebe Klanginteressierte, liebe Ausgebildete in den Peter Hess-Klangmethoden! Anfang der 1980er Jahre lernte ich die Klangschalen kennen und entwickelte aus meiner Begeisterung daf\u00fcr die Klangmassage, die in diesem Jahr ihren 30. Geburtstag feiert! Seit dieser Zeit ist viel geschehen: Es<span class=\"excerpt-hellip\"> [\u2026]<\/span>","protected":false},"author":1,"featured_media":0,"parent":0,"menu_order":0,"comment_status":"closed","ping_status":"closed","template":"","meta":{"footnotes":""},"acf":[],"_links":{"self":[{"href":"https:\/\/peter-hess-institute.com\/fr\/wp-json\/wp\/v2\/pages\/3887"}],"collection":[{"href":"https:\/\/peter-hess-institute.com\/fr\/wp-json\/wp\/v2\/pages"}],"about":[{"href":"https:\/\/peter-hess-institute.com\/fr\/wp-json\/wp\/v2\/types\/page"}],"author":[{"embeddable":true,"href":"https:\/\/peter-hess-institute.com\/fr\/wp-json\/wp\/v2\/users\/1"}],"replies":[{"embeddable":true,"href":"https:\/\/peter-hess-institute.com\/fr\/wp-json\/wp\/v2\/comments?post=3887"}],"version-history":[{"count":0,"href":"https:\/\/peter-hess-institute.com\/fr\/wp-json\/wp\/v2\/pages\/3887\/revisions"}],"wp:attachment":[{"href":"https:\/\/peter-hess-institute.com\/fr\/wp-json\/wp\/v2\/media?parent=3887"}],"curies":[{"name":"bien jou\u00e9","href":"https:\/\/api.w.org\/{rel}","templated":true}]}}

<div class="vc_row wpb_row vc_row-fluid"><div class="wpb_column vc_column_container vc_col-sm-12"><div class="vc_column-inner"><div class="wpb_wrapper"><div class="vc_empty_space"   style="height: 55px"><span class="vc_empty_space_inner"></span></div>
	<div  class="wpb_single_image wpb_content_element vc_align_center  wpb_animate_when_almost_visible wpb_appear appear">
		
		<figure class="wpb_wrapper vc_figure">
			<div class="vc_single_image-wrapper   vc_box_border_grey"><img width="192" height="192" src="https://peter-hess-institute.com/wp-content/uploads/2016/03/PH_rund.png" class="vc_single_image-img attachment-full" alt="" decoding="async" loading="lazy" srcset="https://peter-hess-institute.com/wp-content/uploads/2016/03/PH_rund.png 192w, https://peter-hess-institute.com/wp-content/uploads/2016/03/PH_rund-150x150.png 150w, https://peter-hess-institute.com/wp-content/uploads/2016/03/PH_rund-146x146.png 146w, https://peter-hess-institute.com/wp-content/uploads/2016/03/PH_rund-50x50.png 50w, https://peter-hess-institute.com/wp-content/uploads/2016/03/PH_rund-80x80.png 80w, https://peter-hess-institute.com/wp-content/uploads/2016/03/PH_rund-75x75.png 75w, https://peter-hess-institute.com/wp-content/uploads/2016/03/PH_rund-85x85.png 85w" sizes="(max-width: 192px) 100vw, 192px" /></div>
		</figure>
	</div>

	<div class="wpb_text_column wpb_content_element" >
		<div class="wpb_wrapper">
			<h2 style="text-align: center;">Chers passionnés de son, chers professionnels des méthodes sonores Peter Hess !</h2>

		</div>
	</div>

	<div class="wpb_text_column wpb_content_element" >
		<div class="wpb_wrapper">
			<p style="text-align: center;">Au début des années 1980, j'ai découvert les bols chantants et, m'enthousiasmant pour eux, j'ai développé le massage sonore, qui célèbre cette année son 30ème anniversaire ! Depuis lors, beaucoup de choses se sont passées : des millions d'expériences ont été vécues par moi-même, mes collaborateurs et toutes les personnes formées, des études scientifiques et des recherches ont été menées et de nombreux livres ont été publiés sur le sujet des sons.<br />
<strong><br />
</strong></p>
<p style="text-align: center;">Chez le PHI, nous pouvons aujourd'hui nous targuer d'une grande diversité de méthodes. Ainsi, en plus d'une <a href="http://peter-hess-institute.com/fr/peter-hess-klangmassagepraktiker/">formation professionnelle</a> dans le massage sonore plus que <a href="http://peter-hess-institute.com/fr/seminare/">80 séminaires spécialisés </a>afin de permettre aux passionnés de son comme aux professionnels du son d'élargir et d'approfondir continuellement leurs propres expériences ainsi que leurs qualifications et compétences professionnelles dans l'utilisation des sons.</p>

		</div>
	</div>
</div></div></div></div><div class="vc_row wpb_row vc_row-fluid"><div class="wpb_column vc_column_container vc_col-sm-12"><div class="vc_column-inner"><div class="wpb_wrapper">
	<div class="wpb_text_column wpb_content_element" >
		<div class="wpb_wrapper">
			<p style="text-align: center;">La visite de divers séminaires peut chez nous mener à de nombreuses <a href="http://peter-hess-institute.com/fr/studium/">Formations continues et diplômes</a> pour les domaines d'activité bien-être/prévention, pédagogie/conseil, thérapie ainsi que soins de santé et ouvrir ainsi un nouveau champ professionnel ou en compléter un existant.<br />
Cette année, la formation continue a été ajoutée <a href="http://peter-hess-institute.com/fr/studium/klangmassageexperte-fuer-die-begleitung-von-genesungsprozessen/">„Expert en massage sonore Peter Hess® pour accompagner les processus de guérison</a>“Elle s'adresse principalement aux professionnels des professions de la santé et paramédicales ainsi qu'aux personnes souhaitant utiliser le massage sonore à titre de soutien dans ce domaine.</p>
<p style="text-align: center;">Mes collaborateurs et moi-même serions ravis de vous accueillir (à nouveau) dans l'un de nos séminaires.<br />
Je vous souhaite beaucoup de plaisir et de succès avec les sons sur votre chemin sonore très personnel !</p>
<p style="text-align: center;">Votre<br />
<em>Peter Hess</em><br />
<strong><br />
</strong></p>

		</div>
	</div>
</div></div></div></div><div class="vc_row wpb_row vc_row-fluid"><div class="wpb_column vc_column_container vc_col-sm-12"><div class="vc_column-inner"><div class="wpb_wrapper"></div></div></div></div>

Liebe Klanginteressierte, liebe Ausgebildete in den Peter Hess-Klangmethoden! Anfang der 1980er Jahre lernte ich die Klangschalen kennen und entwickelte aus meiner Begeisterung dafür die Klangmassage, die in diesem Jahr ihren 30. Geburtstag feiert! Seit dieser Zeit ist viel geschehen: Es<span class="excerpt-hellip"> […]</span>

bien joué
